{"id":438,"date":"2015-02-15T06:41:04","date_gmt":"2015-02-15T05:41:04","guid":{"rendered":"http:\/\/internat.zsgronowo.edu.pl\/wordpress\/?page_id=438"},"modified":"2025-06-27T09:27:02","modified_gmt":"2025-06-27T07:27:02","slug":"strona-glowna-2","status":"publish","type":"page","link":"https:\/\/internat.zsgronowo.edu.pl\/wordpress\/","title":{"rendered":"Strona G\u0142\u00f3wna"},"content":{"rendered":"<h1><span style=\"color: #3366ff;\"><strong>Prosimy o polubienie i \u015bledzenie Facebooka internatu:\u00a0<\/strong><\/span><\/h1>\n<h2><a href=\"https:\/\/www.facebook.com\/p\/Internat-ZS-Gronowo-100063530439557\/\"><span style=\"color: #3366ff;\"><strong>https:\/\/www.facebook.com\/p\/Internat-ZS-Gronowo-100063530439557\/<\/strong><\/span><\/a><\/h2>\n<h2 style=\"text-align: left;\"><span style=\"color: #ff0000;\"><b>Nr konta bankowego.<\/b><\/span><\/h2>\n<h1 style=\"text-align: left;\"><strong><span style=\"color: #ff0000;\">Santander Bank Polska S.A.<\/span><\/strong><\/h1>\n<h1 style=\"text-align: left;\"><strong><span style=\"color: #ff0000;\">konto do wp\u0142at za wy\u017cywienie<\/span><\/strong><\/h1>\n<h1 style=\"text-align: left;\"><strong><span style=\"color: #ff0000;\">70 1090 1506 0000 0001 5143 8034<\/span><\/strong><\/h1>\n<h2 style=\"text-align: left;\"><span style=\"color: #339966;\"><strong>81 1090 1506 0000 0001 5143 8030 &#8211; op\u0142ata za zgubion\u0105 kart\u0119 magnetyczn\u0105 15 z\u0142<\/strong><\/span><\/h2>\n<p>&nbsp;<\/p>\n<h1><span style=\"color: #ff0000;\"><em>Wz\u00f3r przelewu:<\/em><\/span><\/h1>\n<h1><span style=\"color: #ff0000;\"><em>Imi\u0119 i nazwisko wychowanka<\/em><\/span><\/h1>\n<h1><span style=\"color: #ff0000;\"><em>Op\u0142ata na miesi\u0105c &#8230;&#8230;&#8230;&#8230;&#8230;.<\/em><\/span><\/h1>\n<h1><span style=\"color: #ff0000;\"><em>Sta\u0142y adres zameldowania<\/em><\/span><\/h1>\n<h1><\/h1>\n<h1><em><b style=\"color: #000000; font-style: italic;\">Op\u0142at\u0119 za <\/b><span style=\"color: #000000;\"><b>wy\u017cywienie<\/b><\/span><b style=\"color: #000000; font-style: italic;\">\u00a0nale\u017cy dokona\u0107\u00a0<\/b><\/em><\/h1>\n<h1><em><span style=\"color: #000000;\"><strong> do dnia 10 ka\u017cdego miesi\u0105ca.<\/strong><\/span><\/em><\/h1>\n<h1><em>Wychowankowie u ka\u017cdego swojego wychowawcy sprawdzaj\u0105 jakiej kwoty nale\u017cy dokona\u0107 na kolejny miesi\u0105c.<\/em><\/h1>\n<p>&nbsp;<\/p>\n<p>&nbsp;<\/p>\n<h3><a href=\"https:\/\/internat.zsgronowo.edu.pl\/wordpress\/wp-content\/uploads\/2023\/06\/HARMONOGRAM-REKRUTACJI-DO-INTERNATU-ZS.docx\">HARMONOGRAM REKRUTACJI DO INTERNATU ZS<\/a><\/h3>\n<p>&nbsp;<\/p>\n<p><strong>HARMONOGRAM REKRUTACJI DO INTERNATU ZS,CKU W GRONOWIE NA ROK SZKOLNY 2025\/2026<\/strong><\/p>\n<p>&nbsp;<\/p>\n<table>\n<tbody>\n<tr>\n<td width=\"307\"><strong>TERMINY\u00a0\u00a0\u00a0\u00a0\u00a0\u00a0\u00a0\u00a0\u00a0\u00a0\u00a0\u00a0\u00a0\u00a0\u00a0\u00a0\u00a0\u00a0\u00a0\u00a0\u00a0\u00a0\u00a0\u00a0\u00a0\u00a0\u00a0\u00a0\u00a0\u00a0\u00a0\u00a0\u00a0\u00a0\u00a0\u00a0\u00a0\u00a0\u00a0\u00a0\u00a0\u00a0\u00a0\u00a0\u00a0\u00a0\u00a0\u00a0\u00a0\u00a0\u00a0\u00a0\u00a0\u00a0\u00a0\u00a0\u00a0\u00a0\u00a0\u00a0\u00a0\u00a0\u00a0\u00a0\u00a0\u00a0\u00a0\u00a0\u00a0\u00a0\u00a0\u00a0\u00a0\u00a0\u00a0\u00a0\u00a0\u00a0\u00a0 W POST\u0118POWANIU REKRUTACYJNYM<\/strong><\/p>\n<p>&nbsp;<\/td>\n<td width=\"307\"><\/td>\n<\/tr>\n<tr>\n<td width=\"307\">Sk\u0142adanie Deklaracji o Kontynuowaniu Pobytu w Internacie<\/p>\n<p>&nbsp;<\/td>\n<td width=\"307\">23 maja \u2013 31 maja (dostarczona osobi\u015bcie)<\/p>\n<p>&nbsp;<\/td>\n<\/tr>\n<tr>\n<td width=\"307\">Sk\u0142adanie Wniosk\u00f3w o przyznanie miejsca w Internacie<\/p>\n<p>&nbsp;<\/td>\n<td width=\"307\">8 czerwca \u2013 22 lipca, do godz. 15:00 (wniosek w formie papierowej)<\/p>\n<p>&nbsp;<\/td>\n<\/tr>\n<tr>\n<td width=\"307\">Podanie do publicznej wiadomo\u015bci listy kandydat\u00f3w zakwalifikowanych i listy kandydat\u00f3w niezakwalifikowanych<\/p>\n<p>&nbsp;<\/td>\n<td width=\"307\">15 sierpnia, udzielamy informacji telefonicznie w godz. 12:00 \u2013 16:00, po podaniu imienia, nazwiska kandydata (tel. 664\u00a0415 476).<\/td>\n<\/tr>\n<tr>\n<td width=\"307\">Podanie do publicznej wiadomo\u015bci listy kandydat\u00f3w przyj\u0119tych i nieprzyj\u0119tych 15 sierpnia,<\/p>\n<p>&nbsp;<\/td>\n<td width=\"307\">Informacji o przyj\u0119ciu udzielamy telefonicznie w godz. 10:00 \u2013 14:00 &#8211; po podaniu imienia, nazwiska kandydata (tel. 664\u00a0415 476).<\/p>\n<p>&nbsp;<\/td>\n<\/tr>\n<\/tbody>\n<\/table>\n<p>&nbsp;<\/p>\n<p><strong>ZASADY PRZYJ\u0118CIA DO PLAC\u00d3WKI w roku szkolnym 2025\/2026<\/strong><\/p>\n<p>W przypadku wi\u0119kszej liczby kandydat\u00f3w ni\u017c liczba wolnych miejsc, kt\u00f3rymi dysponuje internat, na pierwszym etapie post\u0119powania rekrutacyjnego brane s\u0105 pod uwag\u0119 \u0142\u0105cznie nast\u0119puj\u0105ce kryteria:<\/p>\n<ol>\n<li><strong>W przypadku kandydata niepe\u0142noletniego:<\/strong><\/li>\n<li>wielodzietno\u015b\u0107 rodziny kandydata,<\/li>\n<li>niepe\u0142nosprawno\u015b\u0107 kandydata,<\/li>\n<li>samotne wychowywanie kandydata w rodzinie<\/li>\n<li>obj\u0119cie kandydata piecz\u0105 zast\u0119pcz\u0105.<\/li>\n<li><strong>W przypadku kandydata pe\u0142noletniego:<\/strong><\/li>\n<li>wielodzietno\u015b\u0107 rodziny kandydata<\/li>\n<li>niepe\u0142nosprawno\u015b\u0107 kandydata,<\/li>\n<li>samotne wychowywanie dziecka.<\/li>\n<li><strong>Kryteria okre\u015blone przez organ prowadz\u0105cy obejmuj\u0105ce zar\u00f3wno kandydat\u00f3w niepe\u0142noletnich i pe\u0142noletnich:<\/strong><\/li>\n<li>odleg\u0142o\u015b\u0107 miejsca sta\u0142ego zamieszkania od Gronowa<\/li>\n<li>rozpocz\u0119cie nauki w pierwszej klasie szko\u0142y ponadpodstawowej,<\/li>\n<li>przestrzeganie regulaminu internatu ( wysoka frekwencja na zaj\u0119ciach lekcyjnych, regularne uiszczanie op\u0142at za wy\u017cywienie i in.)<\/li>\n<\/ol>\n<p>Ka\u017cde z kryteri\u00f3w wymienionych ma t\u0105 sam\u0105 warto\u015b\u0107 i wynosi 1 pkt.<\/p>\n<p>W przypadku r\u00f3wnorz\u0119dnych wynik\u00f3w uzyskanych przez kandydat\u00f3w na pierwszym etapie post\u0119powania rekrutacyjnego lub je\u015bli po zako\u0144czeniu tego etapu plac\u00f3wka nadal dysponuje wolnymi miejscami &#8211; przeprowadza si\u0119 drugi etap post\u0119powania rekrutacyjnego.<\/p>\n<p>Na drugim etapie post\u0119powania rekrutacyjnego brana jest pod uwag\u0119<strong> kolejno\u015b\u0107 zg\u0142osze\u0144 kandydat\u00f3w<\/strong><\/p>\n<p><strong>Warunkiem korzystania z internatu jest systematyczne regulowanie op\u0142at za\u00a0 wy\u017cywienie oraz sk\u0142adki na Rad\u0119 Rodzic\u00f3w w wysoko\u015bci 10 z\u0142 za ka\u017cdy miesi\u0105c<\/strong>.<\/p>\n<h2><strong>Pierwsze\u0144stwo w zakwaterowaniu w internacie maj\u0105 uczniowie, kt\u00f3rzy maj\u0105 problem z dojazdem do szko\u0142y\/du\u017ca odleg\u0142o\u015b\u0107 do szko\u0142y.<\/strong><\/h2>\n<h3><\/h3>\n<h3>Pokoje s\u0105 3-osobowe i 4- osobowe, prysznice i \u0142azienki s\u0105 wsp\u00f3lne i znajduj\u0105 si\u0119 na korytarzu.<\/h3>\n<h3>Uczniowie zobowi\u0105zani s\u0105 do przywiezienia w\u0142asnej po\u015bcieli. Ko\u0142dry, poduszki i koce s\u0105 na wyposa\u017ceniu internatu.<\/h3>\n<h3>Internat jest otwarty od niedzieli, godz. 15.00 do pi\u0105tku do godz. 18.00.<\/h3>\n<h3>Obowi\u0105zkiem ka\u017cdego wychowanka jest wykupienie ca\u0142odniowego wy\u017cywienia, na wszystkie dni, w kt\u00f3rych ucze\u0144 b\u0119dzie przebywa\u0142 w internacie.<\/h3>\n<h3><strong>Bez wykupionego wy\u017cywienia ucze\u0144 traci prawo zamieszkania w internacie.<\/strong><\/h3>\n<h3>Kwota za ca\u0142odzienne wy\u017cywienie wynosi 15 z\u0142\/mo\u017ce ulec zmianie\/<\/h3>\n<h3>Op\u0142ata za posi\u0142ki dokonywana jest na konto bankowe ZS CKU w Gronowie<\/h3>\n<h3><strong><u>W dniu zakwaterowania do internatu<\/u><\/strong><\/h3>\n<h3><strong><u>prosz\u0119 mie\u0107 przy sobie numer konta bankowego.<\/u><\/strong><\/h3>\n<h3><\/h3>\n<h3><\/h3>\n<h3>Karty abonamentowo-zbli\u017ceniowe b\u0119d\u0105 wydawane przez kierownika internatu.<\/h3>\n<h3>Na przelewie bankowym powinny by\u0107 zamieszczone nast\u0119puj\u0105ce dane:<\/h3>\n<ul>\n<li>\n<h3>Imi\u0119 i nazwisko ucznia<\/h3>\n<\/li>\n<li>\n<h3>Sta\u0142y adres zamieszkania<\/h3>\n<\/li>\n<li>\n<h3>Konto bankowe<\/h3>\n<\/li>\n<li>\n<h3>Kwota zap\u0142aty<\/h3>\n<\/li>\n<li>\n<h3>Nazw\u0119 us\u0142ugi i miesi\u0105ca na kt\u00f3ry dokonuje p\u0142atno\u015bci.<\/h3>\n<\/li>\n<\/ul>\n<h3>Rodzice wychowanka \\opiekunowie prawni zobowi\u0105zani s\u0105 do uiszczenia, do wychowawcy, na Rad\u0119 Rodzic\u00f3w jednorazowo na semestr kwot\u0119 200 z\u0142.<\/h3>\n<h3>Uczniowie zobowi\u0105zani s\u0105 do przestrzegania regulaminu internatu. Regulamin znajduje si\u0119 na stronie szko\u0142y.<\/h3>\n<h3><\/h3>\n<h3><strong>Usuni\u0119ciem z internatu grozi opuszczenie godzin lekcyjnych. Kryteria podane s\u0105 w regulaminie.<\/strong><\/h3>\n<h3><strong><u>Ka\u017cdy pierwszoklasista i osoba niepe\u0142noletnia przyje\u017cd\u017ca w dniu kwaterowania z rodzicem lub prawnym opiekunem.<\/u><\/strong><\/h3>\n<h3>Szczeg\u00f3\u0142owe informacje uzyskaj\u0105 Pa\u0144stwo od wychowawc\u00f3w w chwili kwaterowania do internatu.<\/h3>\n<h3><a href=\"https:\/\/internat.zsgronowo.edu.pl\/wordpress\/wp-content\/uploads\/2023\/06\/HARMONOGRAM-REKRUTACJI-DO-INTERNATU-ZS.docx\">HARMONOGRAM REKRUTACJI DO INTERNATU ZS<\/a><\/h3>\n<h2><\/h2>\n<h1><strong><span style=\"color: #000000;\">Dane w dowodzie wp\u0142aty powinny zawiera\u0107:<\/span><\/strong><\/h1>\n<h2>&#8211; imi\u0119 nazwisko<\/h2>\n<h2>&#8211; sta\u0142y adres zamieszkania<\/h2>\n<h2>&#8211; konto bankowe<\/h2>\n<h2>&#8211; kwot\u0119 zap\u0142aty<\/h2>\n<h2>&#8211; nazw\u0119 us\u0142ugi i miesi\u0105ca na kt\u00f3ry dokonuje p\u0142atno\u015bci<\/h2>\n<h2><\/h2>\n<h2><a href=\"https:\/\/internat.zsgronowo.edu.pl\/wordpress\/wp-content\/uploads\/2021\/09\/Regulamin-Internatu-2021.pdf\">Regulamin korzystania ze sto\u0142\u00f3wki Zesp\u00f3\u0142 Szk\u00f3\u0142, CKU w Gronowie<\/a><\/h2>\n<h2><a href=\"https:\/\/internat.zsgronowo.edu.pl\/wordpress\/wp-content\/uploads\/2021\/09\/Zasady-korzystania-ze-sto\u0142\u00f3wki-szkolnej.pdf\">Zasady korzystania ze sto\u0142\u00f3wki szkolnej<\/a><\/h2>\n<h2><a href=\"https:\/\/internat.zsgronowo.edu.pl\/wordpress\/wp-content\/uploads\/2021\/09\/Karta-odwo\u0142a\u0144-posi\u0142k\u00f3w.pdf\">Karta odwo\u0142a\u0144 posi\u0142k\u00f3w<\/a><\/h2>\n<h1><!-- Op\u0142aty za wy\u017cywienie wp\u0142acamy na konto --><\/h1>\n<h2 style=\"text-align: center;\"><\/h2>\n<h1 style=\"text-align: center; color: green;\"><\/h1>\n","protected":false},"excerpt":{"rendered":"<p>Prosimy o polubienie i \u015bledzenie Facebooka internatu:\u00a0 https:\/\/www.facebook.com\/p\/Internat-ZS-Gronowo-100063530439557\/ Nr konta bankowego. Santander Bank Polska S.A. konto do wp\u0142at za wy\u017cywienie 70 1090 1506 0000 0001 5143 8034 81 1090 1506 0000 0001 5143 8030 &#8211; op\u0142ata za zgubion\u0105 kart\u0119 magnetyczn\u0105 15 z\u0142 &nbsp; Wz\u00f3r przelewu: Imi\u0119 i nazwisko wychowanka Op\u0142ata na miesi\u0105c &#8230;&#8230;&#8230;&#8230;&#8230;. Sta\u0142y adres [&hellip;]<\/p>\n","protected":false},"author":4,"featured_media":0,"parent":0,"menu_order":0,"comment_status":"closed","ping_status":"closed","template":"","meta":{"footnotes":""},"class_list":["post-438","page","type-page","status-publish","hentry"],"_links":{"self":[{"href":"https:\/\/internat.zsgronowo.edu.pl\/wordpress\/index.php?rest_route=\/wp\/v2\/pages\/438","targetHints":{"allow":["GET"]}}],"collection":[{"href":"https:\/\/internat.zsgronowo.edu.pl\/wordpress\/index.php?rest_route=\/wp\/v2\/pages"}],"about":[{"href":"https:\/\/internat.zsgronowo.edu.pl\/wordpress\/index.php?rest_route=\/wp\/v2\/types\/page"}],"author":[{"embeddable":true,"href":"https:\/\/internat.zsgronowo.edu.pl\/wordpress\/index.php?rest_route=\/wp\/v2\/users\/4"}],"replies":[{"embeddable":true,"href":"https:\/\/internat.zsgronowo.edu.pl\/wordpress\/index.php?rest_route=%2Fwp%2Fv2%2Fcomments&post=438"}],"version-history":[{"count":295,"href":"https:\/\/internat.zsgronowo.edu.pl\/wordpress\/index.php?rest_route=\/wp\/v2\/pages\/438\/revisions"}],"predecessor-version":[{"id":5152,"href":"https:\/\/internat.zsgronowo.edu.pl\/wordpress\/index.php?rest_route=\/wp\/v2\/pages\/438\/revisions\/5152"}],"wp:attachment":[{"href":"https:\/\/internat.zsgronowo.edu.pl\/wordpress\/index.php?rest_route=%2Fwp%2Fv2%2Fmedia&parent=438"}],"curies":[{"name":"wp","href":"https:\/\/api.w.org\/{rel}","templated":true}]}}