{"id":27,"date":"2013-05-20T14:28:44","date_gmt":"2013-05-20T12:28:44","guid":{"rendered":"http:\/\/internat.zsgronowo.edu.pl\/wordpress\/?page_id=27"},"modified":"2024-01-19T00:00:46","modified_gmt":"2024-01-18T23:00:46","slug":"podanie-do-internatu","status":"publish","type":"page","link":"https:\/\/internat.zsgronowo.edu.pl\/wordpress\/?page_id=27","title":{"rendered":"Regulamin internatu, Podanie"},"content":{"rendered":"<h1>Podanie dla uczni\u00f3w chc\u0105cych mieszka\u0107 w internacie:<\/h1>\n<p><a href=\"https:\/\/internat.zsgronowo.edu.pl\/wordpress\/wp-content\/uploads\/2024\/01\/Podanie-o-przyj\u0119cie-do-internatu.pdf\">Podanie-o-przyj\u0119cie-do-internatu<\/a><\/p>\n<p style=\"text-align: left;\"><a href=\"https:\/\/internat.zsgronowo.edu.pl\/wordpress\/wp-content\/uploads\/2024\/01\/Gronowo-regulamin-2023-.pdf\">Gronowo-regulamin-2023<\/a><\/p>\n<p><a href=\"https:\/\/internat.zsgronowo.edu.pl\/wordpress\/wp-content\/uploads\/2024\/01\/Regulamin-oceniania-zachowania-wychowank\u00f3w-internatu-oraz-szczeg\u00f3\u0142owa-punktacja-.pdf\">Regulamin oceniania zachowania wychowank\u00f3w internatu oraz szczeg\u00f3\u0142owa punktacja<\/a><\/p>\n","protected":false},"excerpt":{"rendered":"<p>Podanie dla uczni\u00f3w chc\u0105cych mieszka\u0107 w internacie: Podanie-o-przyj\u0119cie-do-internatu Gronowo-regulamin-2023 Regulamin oceniania zachowania wychowank\u00f3w internatu oraz szczeg\u00f3\u0142owa punktacja<\/p>\n","protected":false},"author":1,"featured_media":0,"parent":0,"menu_order":0,"comment_status":"closed","ping_status":"open","template":"","meta":{"footnotes":""},"class_list":["post-27","page","type-page","status-publish","hentry"],"_links":{"self":[{"href":"https:\/\/internat.zsgronowo.edu.pl\/wordpress\/index.php?rest_route=\/wp\/v2\/pages\/27","targetHints":{"allow":["GET"]}}],"collection":[{"href":"https:\/\/internat.zsgronowo.edu.pl\/wordpress\/index.php?rest_route=\/wp\/v2\/pages"}],"about":[{"href":"https:\/\/internat.zsgronowo.edu.pl\/wordpress\/index.php?rest_route=\/wp\/v2\/types\/page"}],"author":[{"embeddable":true,"href":"https:\/\/internat.zsgronowo.edu.pl\/wordpress\/index.php?rest_route=\/wp\/v2\/users\/1"}],"replies":[{"embeddable":true,"href":"https:\/\/internat.zsgronowo.edu.pl\/wordpress\/index.php?rest_route=%2Fwp%2Fv2%2Fcomments&post=27"}],"version-history":[{"count":14,"href":"https:\/\/internat.zsgronowo.edu.pl\/wordpress\/index.php?rest_route=\/wp\/v2\/pages\/27\/revisions"}],"predecessor-version":[{"id":4652,"href":"https:\/\/internat.zsgronowo.edu.pl\/wordpress\/index.php?rest_route=\/wp\/v2\/pages\/27\/revisions\/4652"}],"wp:attachment":[{"href":"https:\/\/internat.zsgronowo.edu.pl\/wordpress\/index.php?rest_route=%2Fwp%2Fv2%2Fmedia&parent=27"}],"curies":[{"name":"wp","href":"https:\/\/api.w.org\/{rel}","templated":true}]}}