{"id":10,"date":"2014-09-29T14:01:56","date_gmt":"2014-09-29T12:01:56","guid":{"rendered":"http:\/\/internat.zsgronowo.edu.pl\/wordpress\/?page_id=10"},"modified":"2025-11-18T22:59:51","modified_gmt":"2025-11-18T21:59:51","slug":"mri","status":"publish","type":"page","link":"https:\/\/internat.zsgronowo.edu.pl\/wordpress\/?page_id=10","title":{"rendered":"MRI"},"content":{"rendered":"<h2 style=\"text-align: center;\"><span style=\"text-decoration: underline; color: #800080;\"><strong>Opiekunowie M\u0142odzie\u017cowej Rady Internatu:<\/strong><\/span><\/h2>\n<p style=\"text-align: center;\"><span style=\"color: #800080;\"><em><strong>\u00a0<\/strong><\/em><\/span><\/p>\n<h3 style=\"text-align: center;\"><span style=\"color: #993366;\"><strong>\u00a0Opiekun MRI mgr Olimpia Grabowska Kierownik Internatu\u00a0<\/strong><\/span><\/h3>\n<p>&nbsp;<\/p>\n<h2 style=\"text-align: center;\"><span style=\"text-decoration: underline; color: #800080;\"><strong>Przewodnicz\u0105cy M\u0142odzie\u017cowej Rady Internatu <\/strong><\/span><\/h2>\n<h3 style=\"text-align: center;\"><b>Michalina Siwek<\/b><\/h3>\n<h2 style=\"text-align: center;\"><span style=\"color: #800080;\"><strong>Zast\u0119pca Przewodnicz\u0105cego<\/strong><\/span><\/h2>\n<h3 style=\"text-align: center;\"><b>Dominik Skierkowski<\/b><\/h3>\n<h2 style=\"text-align: center;\"><span style=\"color: #800080;\"><strong>Zast\u0119pca Przewodnicz\u0105cego<\/strong><\/span><\/h2>\n<h3 style=\"text-align: center;\"><b>Natalia Jadzi\u0144ska\u00a0<\/b><\/h3>\n<h1><\/h1>\n<h2><strong>Cz\u0142onkowie MRI:<\/strong><\/h2>\n<h3><strong><span style=\"text-decoration: underline;\">Grupa I Wych- mgr. Dariusz Soko\u0142owski<\/span><\/strong><\/h3>\n<p><span style=\"text-decoration: underline;\">Przewodnicz\u0105cy<\/span>: <b>Bart\u0142omiej Marciniak<\/b><\/p>\n<p><span style=\"text-decoration: underline;\">Z-ca przew.<\/span>: <b>Hubert Bania<\/b><\/p>\n<p><span style=\"text-decoration: underline;\">Z-ca przew.<\/span>: <b>Miko\u0142aj Rogulski<\/b><\/p>\n<h3><span style=\"text-decoration: underline;\"><strong>Grupa II Wych-mgr. Lidia Szablewska<\/strong><\/span><\/h3>\n<p><span style=\"text-decoration: underline;\">Przewodnicz\u0105cy<\/span>: <strong>Czes\u0142aw Jask\u00f3lski<br \/>\n<\/strong><\/p>\n<p><span style=\"text-decoration: underline;\">Z-ca przew<\/span>.:\u00a0<strong>Filip \u0141\u00f3j<\/strong><\/p>\n<p><span style=\"text-decoration: underline;\">Z-ca przew.<\/span>:\u00a0<strong>Adam Niklewski<\/strong><\/p>\n<h3><strong><span style=\"text-decoration: underline;\">Grupa II a Wych-mgr. And\u017celika Majewska<\/span><\/strong><\/h3>\n<p><span style=\"text-decoration: underline;\">Przewodnicz\u0105cy<\/span>: <b>Szymon Por\u0119bski<\/b><\/p>\n<p><span style=\"text-decoration: underline;\">Z-ca przew.<\/span>:<strong> Miko\u0142aj Sikora<\/strong><\/p>\n<p><span style=\"text-decoration: underline;\">Z-ca przew.<\/span>: <strong>Maciej Witkowski<\/strong><\/p>\n<h3><span style=\"text-decoration: underline;\"><strong>Grupa III Wych-mgr. Mariusz Hasse<\/strong><\/span><\/h3>\n<p><span style=\"text-decoration: underline;\">Przewodnicz\u0105cy:<\/span>\u00a0<strong>Tomasz Weso\u0142owski<\/strong><strong><br \/>\n<\/strong><\/p>\n<p><span style=\"text-decoration: underline;\">Z-ca przew.<\/span>:\u00a0<strong>Antoni Hi\u0144cza<\/strong><\/p>\n<p><span style=\"text-decoration: underline;\">Z-ca przew.<\/span>:\u00a0<strong>Mi\u0142osz Bania<\/strong><\/p>\n<h3><span style=\"text-decoration: underline;\"><strong>Grupa IV Wych-mgr. Anna Krajewska<\/strong><\/span><\/h3>\n<p><span style=\"text-decoration: underline;\">Przewodnicz\u0105ca<\/span>:\u00a0<strong>Anna Kulwicka<\/strong><strong><br \/>\n<\/strong><\/p>\n<p><span style=\"text-decoration: underline;\">Z-ca przew.<\/span>:\u00a0<strong>Maja Grzemska<\/strong><\/p>\n<p><span style=\"text-decoration: underline;\">Z-ca przew.<\/span>:\u00a0<strong>Wiktoria \u015aliwka<\/strong><\/p>\n<h3><span style=\"text-decoration: underline;\"><strong>Grupa V Wych-mgr. Justyna S\u0142upczewska<\/strong><\/span><\/h3>\n<p><span style=\"text-decoration: underline;\">Przewodnicz\u0105ca<\/span>: <strong>Michalina Siwek<\/strong><\/p>\n<p><span style=\"text-decoration: underline;\">Z-ca przew.<\/span>: <strong>Wiktoria Wnuczko<\/strong><\/p>\n<p><span style=\"text-decoration: underline;\">Z-ca przew.<\/span>: <b>Maja Gurgul<\/b><\/p>\n<h3><span style=\"text-decoration: underline;\"><strong>Grupa VI Wych-mgr. Beata \u0141uczy\u0144ska<\/strong><\/span><\/h3>\n<p><span style=\"text-decoration: underline;\">Przewodnicz\u0105ca<\/span>: <strong>Natalia Jadzi\u0144ska<br \/>\n<\/strong><\/p>\n<p><span style=\"text-decoration: underline;\">Z-ca przew.<\/span>:<strong> Julia Radziszewska<\/strong><\/p>\n<p><span style=\"text-decoration: underline;\">Z-ca przew.<\/span>:\u00a0<strong>Patrycja Politowska<\/strong><\/p>\n<h3><strong><span style=\"text-decoration: underline;\">Grupa VII Wych-mgr. Micha\u0142 Galewski<\/span><\/strong><\/h3>\n<p><span style=\"text-decoration: underline;\">Przewodnicz\u0105cy<\/span>: <b>Jan \u0141odzi\u0144ski<\/b><\/p>\n<p><span style=\"text-decoration: underline;\">Z-ca przew.<\/span>:\u00a0<strong>Dominik Skierkowski<\/strong><\/p>\n<p><span style=\"text-decoration: underline;\">Z-ca przew.<\/span>:<strong> Alan Gapi\u0144ski<\/strong><\/p>\n<p>&nbsp;<\/p>\n<p>&nbsp;<\/p>\n<p>&nbsp;<\/p>\n","protected":false},"excerpt":{"rendered":"<p>Opiekunowie M\u0142odzie\u017cowej Rady Internatu: \u00a0 \u00a0Opiekun MRI mgr Olimpia Grabowska Kierownik Internatu\u00a0 &nbsp; Przewodnicz\u0105cy M\u0142odzie\u017cowej Rady Internatu Michalina Siwek Zast\u0119pca Przewodnicz\u0105cego Dominik Skierkowski Zast\u0119pca Przewodnicz\u0105cego Natalia Jadzi\u0144ska\u00a0 Cz\u0142onkowie MRI: Grupa I Wych- mgr. Dariusz Soko\u0142owski Przewodnicz\u0105cy: Bart\u0142omiej Marciniak Z-ca przew.: Hubert Bania Z-ca przew.: Miko\u0142aj Rogulski Grupa II Wych-mgr. Lidia Szablewska Przewodnicz\u0105cy: Czes\u0142aw Jask\u00f3lski Z-ca [&hellip;]<\/p>\n","protected":false},"author":1,"featured_media":0,"parent":0,"menu_order":0,"comment_status":"closed","ping_status":"open","template":"","meta":{"footnotes":""},"class_list":["post-10","page","type-page","status-publish","hentry"],"_links":{"self":[{"href":"https:\/\/internat.zsgronowo.edu.pl\/wordpress\/index.php?rest_route=\/wp\/v2\/pages\/10","targetHints":{"allow":["GET"]}}],"collection":[{"href":"https:\/\/internat.zsgronowo.edu.pl\/wordpress\/index.php?rest_route=\/wp\/v2\/pages"}],"about":[{"href":"https:\/\/internat.zsgronowo.edu.pl\/wordpress\/index.php?rest_route=\/wp\/v2\/types\/page"}],"author":[{"embeddable":true,"href":"https:\/\/internat.zsgronowo.edu.pl\/wordpress\/index.php?rest_route=\/wp\/v2\/users\/1"}],"replies":[{"embeddable":true,"href":"https:\/\/internat.zsgronowo.edu.pl\/wordpress\/index.php?rest_route=%2Fwp%2Fv2%2Fcomments&post=10"}],"version-history":[{"count":67,"href":"https:\/\/internat.zsgronowo.edu.pl\/wordpress\/index.php?rest_route=\/wp\/v2\/pages\/10\/revisions"}],"predecessor-version":[{"id":5204,"href":"https:\/\/internat.zsgronowo.edu.pl\/wordpress\/index.php?rest_route=\/wp\/v2\/pages\/10\/revisions\/5204"}],"wp:attachment":[{"href":"https:\/\/internat.zsgronowo.edu.pl\/wordpress\/index.php?rest_route=%2Fwp%2Fv2%2Fmedia&parent=10"}],"curies":[{"name":"wp","href":"https:\/\/api.w.org\/{rel}","templated":true}]}}